{"id":1369,"date":"2025-03-25T12:58:51","date_gmt":"2025-03-25T11:58:51","guid":{"rendered":"https:\/\/rapid.ufzg.hr\/rapid\/?page_id=1369"},"modified":"2025-12-20T10:17:38","modified_gmt":"2025-12-20T09:17:38","slug":"popularizacija-znanosti","status":"publish","type":"page","link":"https:\/\/rapid.ufzg.hr\/rapid\/popularizacija-znanosti\/","title":{"rendered":"Popularizacija znanosti"},"content":{"rendered":"\n<div class=\"wp-block-uagb-container uagb-block-3ef9f147 alignfull uagb-is-root-container\"><div class=\"uagb-container-inner-blocks-wrap\">\n<div class=\"wp-block-uagb-advanced-heading uagb-block-0b6282e6\"><h4 class=\"uagb-heading-text\">Popularizacija znanosti<\/h4><div class=\"uagb-separator\"><\/div><\/div>\n\n\n\n\t\t\t<div class=\"wp-block-uagb-post-grid uagb-post-grid  uagb-post__image-position-background uagb-post__image-enabled uagb-block-54d32fe7     uagb-post__items uagb-post__columns-1 is-grid uagb-post__columns-tablet-2 uagb-post__columns-mobile-1 uagb-post__equal-height\" data-total=\"1\" style=\"\">\n\n\t\t\t\t\t\t\t\t\t\t\t\t<article class=\"uagb-post__inner-wrap\">\t\t\t\t\t\t\t\t<h5 class=\"uagb-post__title uagb-post__text\">\n\t\t\t\t<a href=\"https:\/\/rapid.ufzg.hr\/rapid\/gostovanje-u-emisiji-globana-hrvatska\/\" target=\"_self\" rel=\"bookmark noopener noreferrer\">Gostovanje u emisiji Globalna Hrvatska<\/a>\n\t\t\t<\/h5>\n\t\t\t\t\t\t<div class='uagb-post__text uagb-post-grid-byline'>\n\t\t\t\t\t\t\t\t<time datetime=\"2025-11-07T10:24:00+01:00\" class=\"uagb-post__date\">\n\t\t\t\t<span class=\"dashicons-calendar dashicons\"><\/span>\t\t\t\t\t07\/11\/2025\t\t\t\t<\/time>\n\t\t\t\t\t\t<\/div>\n\t\t\t\t\t\t\t<div class='uagb-post__text uagb-post__excerpt'>\n\t\t\t\t\t<p>Rona Bu\u0161ljeta Kardum i Lidija Cviki\u0107 gostovale su emisiji Hrvatske radiotelevizije Globalna Hrvatska 6. studenoga 2025. Neposredan povod gostovanju bila je netom odr\u017eana&#8230;\t\t\t\t<\/div>\n\t\t\t\t\t\t<div class=\"uagb-post__text uagb-post__cta wp-block-button\">\n\t\t\t\t<a class=\"wp-block-button__link uagb-text-link\" style=\"\" href=\"https:\/\/rapid.ufzg.hr\/rapid\/gostovanje-u-emisiji-globana-hrvatska\/\" target=\"_self\" rel=\"bookmark noopener noreferrer\">Vi\u0161e<\/a>\n\t\t\t<\/div>\n\t\t\t\t\t\t<div class='uagb-post__image'>\n\t\t\t\t\t\t\t\t\t<a href=\"https:\/\/rapid.ufzg.hr\/rapid\/gostovanje-u-emisiji-globana-hrvatska\/\" target=\"_self\" rel=\"bookmark noopener noreferrer\"><img loading=\"lazy\" decoding=\"async\" width=\"1536\" height=\"406\" src=\"https:\/\/rapid.ufzg.hr\/rapid\/wp-content\/uploads\/2025\/12\/slika_9_pros-e1766422213148.jpg\" class=\"attachment-full size-full\" alt=\"Globalna Hrvatska\" srcset=\"https:\/\/rapid.ufzg.hr\/rapid\/wp-content\/uploads\/2025\/12\/slika_9_pros-e1766422213148.jpg 1536w, https:\/\/rapid.ufzg.hr\/rapid\/wp-content\/uploads\/2025\/12\/slika_9_pros-e1766422213148-300x79.jpg 300w, https:\/\/rapid.ufzg.hr\/rapid\/wp-content\/uploads\/2025\/12\/slika_9_pros-e1766422213148-1024x271.jpg 1024w, https:\/\/rapid.ufzg.hr\/rapid\/wp-content\/uploads\/2025\/12\/slika_9_pros-e1766422213148-768x203.jpg 768w\" sizes=\"auto, (max-width: 1536px) 100vw, 1536px\" \/>\t\t\t\t\t<\/a>\n\t\t\t\t\t\t\t\t\t<\/div>\n\t\t\t\n\t\t\t\t\t\t\t\t\t<\/article>\n\t\t\t\t\t\t\t\t\t\t\t\t\t\t\t\t<article class=\"uagb-post__inner-wrap\">\t\t\t\t\t\t\t\t<h5 class=\"uagb-post__title uagb-post__text\">\n\t\t\t\t<a href=\"https:\/\/rapid.ufzg.hr\/rapid\/javno-predstavljanje-projekta-u-institutu-za-hrvatski-jezik\/\" target=\"_self\" rel=\"bookmark noopener noreferrer\">Javno predstavljanje projekta u Institutu za hrvatski jezik<\/a>\n\t\t\t<\/h5>\n\t\t\t\t\t\t<div class='uagb-post__text uagb-post-grid-byline'>\n\t\t\t\t\t\t\t\t<time datetime=\"2025-09-23T10:22:00+01:00\" class=\"uagb-post__date\">\n\t\t\t\t<span class=\"dashicons-calendar dashicons\"><\/span>\t\t\t\t\t23\/09\/2025\t\t\t\t<\/time>\n\t\t\t\t\t\t<\/div>\n\t\t\t\t\t\t\t<div class='uagb-post__text uagb-post__excerpt'>\n\t\t\t\t\t<p>Na poziv voditelja znanstvenoga programa Jezikoslovne rasprave u Institutu za hrvatski jezik 22. rujna 2025. voditeljica projekta Lidija Cviki\u0107 predstavila je projekt RAPID&#8230;.\t\t\t\t<\/div>\n\t\t\t\t\t\t<div class=\"uagb-post__text uagb-post__cta wp-block-button\">\n\t\t\t\t<a class=\"wp-block-button__link uagb-text-link\" style=\"\" href=\"https:\/\/rapid.ufzg.hr\/rapid\/javno-predstavljanje-projekta-u-institutu-za-hrvatski-jezik\/\" target=\"_self\" rel=\"bookmark noopener noreferrer\">Vi\u0161e<\/a>\n\t\t\t<\/div>\n\t\t\t\t\t\t<div class='uagb-post__image'>\n\t\t\t\t\t\t\t\t\t<a href=\"https:\/\/rapid.ufzg.hr\/rapid\/javno-predstavljanje-projekta-u-institutu-za-hrvatski-jezik\/\" target=\"_self\" rel=\"bookmark noopener noreferrer\"><img loading=\"lazy\" decoding=\"async\" width=\"1600\" height=\"739\" src=\"https:\/\/rapid.ufzg.hr\/rapid\/wp-content\/uploads\/2025\/12\/slika6_pros.jpg\" class=\"attachment-full size-full\" alt=\"Javno predstavljanje projekta u Institutu za hrvatski jezik\" srcset=\"https:\/\/rapid.ufzg.hr\/rapid\/wp-content\/uploads\/2025\/12\/slika6_pros.jpg 1600w, https:\/\/rapid.ufzg.hr\/rapid\/wp-content\/uploads\/2025\/12\/slika6_pros-300x139.jpg 300w, https:\/\/rapid.ufzg.hr\/rapid\/wp-content\/uploads\/2025\/12\/slika6_pros-1024x473.jpg 1024w, https:\/\/rapid.ufzg.hr\/rapid\/wp-content\/uploads\/2025\/12\/slika6_pros-768x355.jpg 768w, https:\/\/rapid.ufzg.hr\/rapid\/wp-content\/uploads\/2025\/12\/slika6_pros-1536x709.jpg 1536w\" sizes=\"auto, (max-width: 1600px) 100vw, 1600px\" \/>\t\t\t\t\t<\/a>\n\t\t\t\t\t\t\t\t\t<\/div>\n\t\t\t\n\t\t\t\t\t\t\t\t\t<\/article>\n\t\t\t\t\t\t\t\t\t\t\t\t\t\t\t\t<article class=\"uagb-post__inner-wrap\">\t\t\t\t\t\t\t\t<h5 class=\"uagb-post__title uagb-post__text\">\n\t\t\t\t<a href=\"https:\/\/rapid.ufzg.hr\/rapid\/pozvano-predavanje-na-znanstvenome-skupu-studenata-i-doktoranada-u-poljskoj\/\" target=\"_self\" rel=\"bookmark noopener noreferrer\">Pozvano predavanje na znanstvenome skupu studenata i doktoranada u Poljskoj<\/a>\n\t\t\t<\/h5>\n\t\t\t\t\t\t<div class='uagb-post__text uagb-post-grid-byline'>\n\t\t\t\t\t\t\t\t<time datetime=\"2025-05-14T19:50:01+01:00\" class=\"uagb-post__date\">\n\t\t\t\t<span class=\"dashicons-calendar dashicons\"><\/span>\t\t\t\t\t14\/05\/2025\t\t\t\t<\/time>\n\t\t\t\t\t\t<\/div>\n\t\t\t\t\t\t\t<div class='uagb-post__text uagb-post__excerpt'>\n\t\t\t\t\t<p>Na poziv Odsjeka za slavistiku Sveu\u010dili\u0161ta u Wroclawu, Poljska, voditeljica projekta RAPID Lidija Cviki\u0107 kao plenarni predava\u010d sudjelovala je na znanstvenome skupu Prozor&#8230;\t\t\t\t<\/div>\n\t\t\t\t\t\t<div class=\"uagb-post__text uagb-post__cta wp-block-button\">\n\t\t\t\t<a class=\"wp-block-button__link uagb-text-link\" style=\"\" href=\"https:\/\/rapid.ufzg.hr\/rapid\/pozvano-predavanje-na-znanstvenome-skupu-studenata-i-doktoranada-u-poljskoj\/\" target=\"_self\" rel=\"bookmark noopener noreferrer\">Vi\u0161e<\/a>\n\t\t\t<\/div>\n\t\t\t\t\t\t<div class='uagb-post__image'>\n\t\t\t\t\t\t\t\t\t<a href=\"https:\/\/rapid.ufzg.hr\/rapid\/pozvano-predavanje-na-znanstvenome-skupu-studenata-i-doktoranada-u-poljskoj\/\" target=\"_self\" rel=\"bookmark noopener noreferrer\"><img loading=\"lazy\" decoding=\"async\" width=\"904\" height=\"700\" src=\"https:\/\/rapid.ufzg.hr\/rapid\/wp-content\/uploads\/2025\/05\/Wroclaw_1.jpg\" class=\"attachment-full size-full\" alt=\"\" srcset=\"https:\/\/rapid.ufzg.hr\/rapid\/wp-content\/uploads\/2025\/05\/Wroclaw_1.jpg 904w, https:\/\/rapid.ufzg.hr\/rapid\/wp-content\/uploads\/2025\/05\/Wroclaw_1-300x232.jpg 300w, https:\/\/rapid.ufzg.hr\/rapid\/wp-content\/uploads\/2025\/05\/Wroclaw_1-768x595.jpg 768w\" sizes=\"auto, (max-width: 904px) 100vw, 904px\" \/>\t\t\t\t\t<\/a>\n\t\t\t\t\t\t\t\t\t<\/div>\n\t\t\t\n\t\t\t\t\t\t\t\t\t<\/article>\n\t\t\t\t\t\t\t\t\t\t\t\t\t\t\t\t<article class=\"uagb-post__inner-wrap\">\t\t\t\t\t\t\t\t<h5 class=\"uagb-post__title uagb-post__text\">\n\t\t\t\t<a href=\"https:\/\/rapid.ufzg.hr\/rapid\/sudjelovanje-na-festivalu-znanosti-u-cakovcu\/\" target=\"_self\" rel=\"bookmark noopener noreferrer\">Sudjelovanje na Festivalu znanosti u \u010cakovcu<\/a>\n\t\t\t<\/h5>\n\t\t\t\t\t\t<div class='uagb-post__text uagb-post-grid-byline'>\n\t\t\t\t\t\t\t\t<time datetime=\"2025-05-07T15:18:00+01:00\" class=\"uagb-post__date\">\n\t\t\t\t<span class=\"dashicons-calendar dashicons\"><\/span>\t\t\t\t\t07\/05\/2025\t\t\t\t<\/time>\n\t\t\t\t\t\t<\/div>\n\t\t\t\t\t\t\t<div class='uagb-post__text uagb-post__excerpt'>\n\t\t\t\t\t<p>U okviru Festivala znanosti koji je organizirao Muzej Me\u0111imurja u \u010cakovcu Tamara Turza-Bogdan 7. svibnja 2025. odr\u017eala je znanstveno-popularno predavanje Tajna uspje\u0161noga razvoja&#8230;\t\t\t\t<\/div>\n\t\t\t\t\t\t<div class=\"uagb-post__text uagb-post__cta wp-block-button\">\n\t\t\t\t<a class=\"wp-block-button__link uagb-text-link\" style=\"\" href=\"https:\/\/rapid.ufzg.hr\/rapid\/sudjelovanje-na-festivalu-znanosti-u-cakovcu\/\" target=\"_self\" rel=\"bookmark noopener noreferrer\">Vi\u0161e<\/a>\n\t\t\t<\/div>\n\t\t\t\t\t\t<div class='uagb-post__image'>\n\t\t\t\t\t\t\t\t\t<a href=\"https:\/\/rapid.ufzg.hr\/rapid\/sudjelovanje-na-festivalu-znanosti-u-cakovcu\/\" target=\"_self\" rel=\"bookmark noopener noreferrer\"><img loading=\"lazy\" decoding=\"async\" width=\"1280\" height=\"960\" src=\"https:\/\/rapid.ufzg.hr\/rapid\/wp-content\/uploads\/2025\/06\/12_cakovec_pop.jpg\" class=\"attachment-full size-full\" alt=\"Festival znanosti\" srcset=\"https:\/\/rapid.ufzg.hr\/rapid\/wp-content\/uploads\/2025\/06\/12_cakovec_pop.jpg 1280w, https:\/\/rapid.ufzg.hr\/rapid\/wp-content\/uploads\/2025\/06\/12_cakovec_pop-300x225.jpg 300w, https:\/\/rapid.ufzg.hr\/rapid\/wp-content\/uploads\/2025\/06\/12_cakovec_pop-1024x768.jpg 1024w, https:\/\/rapid.ufzg.hr\/rapid\/wp-content\/uploads\/2025\/06\/12_cakovec_pop-768x576.jpg 768w\" sizes=\"auto, (max-width: 1280px) 100vw, 1280px\" \/>\t\t\t\t\t<\/a>\n\t\t\t\t\t\t\t\t\t<\/div>\n\t\t\t\n\t\t\t\t\t\t\t\t\t<\/article>\n\t\t\t\t\t\t\t\t\t\t\t\t\t\t\t\t<article class=\"uagb-post__inner-wrap\">\t\t\t\t\t\t\t\t<h5 class=\"uagb-post__title uagb-post__text\">\n\t\t\t\t<a href=\"https:\/\/rapid.ufzg.hr\/rapid\/voditeljica-projekta-rapid-gostovala-u-radijskoj-emisiji\/\" target=\"_self\" rel=\"bookmark noopener noreferrer\">Voditeljica projekta RAPID gostovala u radijskoj emisiji<\/a>\n\t\t\t<\/h5>\n\t\t\t\t\t\t<div class='uagb-post__text uagb-post-grid-byline'>\n\t\t\t\t\t\t\t\t<time datetime=\"2025-03-25T13:14:21+01:00\" class=\"uagb-post__date\">\n\t\t\t\t<span class=\"dashicons-calendar dashicons\"><\/span>\t\t\t\t\t25\/03\/2025\t\t\t\t<\/time>\n\t\t\t\t\t\t<\/div>\n\t\t\t\t\t\t\t<div class='uagb-post__text uagb-post__excerpt'>\n\t\t\t\t\t<p>U emisiji \u017diva veza Hrvatskoga katoli\u010dkoga radija 24. o\u017eujka 2025. gostovala je voditeljica projekta RAPID prof. dr. sc. Lidija Cviki\u0107. S autoricom i&#8230;\t\t\t\t<\/div>\n\t\t\t\t\t\t<div class=\"uagb-post__text uagb-post__cta wp-block-button\">\n\t\t\t\t<a class=\"wp-block-button__link uagb-text-link\" style=\"\" href=\"https:\/\/rapid.ufzg.hr\/rapid\/voditeljica-projekta-rapid-gostovala-u-radijskoj-emisiji\/\" target=\"_self\" rel=\"bookmark noopener noreferrer\">Vi\u0161e<\/a>\n\t\t\t<\/div>\n\t\t\t\t\t\t<div class='uagb-post__image'>\n\t\t\t\t\t\t\t\t\t<a href=\"https:\/\/rapid.ufzg.hr\/rapid\/voditeljica-projekta-rapid-gostovala-u-radijskoj-emisiji\/\" target=\"_self\" rel=\"bookmark noopener noreferrer\"><img loading=\"lazy\" decoding=\"async\" width=\"1200\" height=\"627\" src=\"https:\/\/rapid.ufzg.hr\/rapid\/wp-content\/uploads\/2025\/03\/pexels-photo-164938-164938.jpg\" class=\"attachment-full size-full\" alt=\"Modern recording studio with high-tech audio equipment and stylish lighting.\" srcset=\"https:\/\/rapid.ufzg.hr\/rapid\/wp-content\/uploads\/2025\/03\/pexels-photo-164938-164938.jpg 1200w, https:\/\/rapid.ufzg.hr\/rapid\/wp-content\/uploads\/2025\/03\/pexels-photo-164938-164938-300x157.jpg 300w, https:\/\/rapid.ufzg.hr\/rapid\/wp-content\/uploads\/2025\/03\/pexels-photo-164938-164938-1024x535.jpg 1024w, https:\/\/rapid.ufzg.hr\/rapid\/wp-content\/uploads\/2025\/03\/pexels-photo-164938-164938-768x401.jpg 768w\" sizes=\"auto, (max-width: 1200px) 100vw, 1200px\" \/>\t\t\t\t\t<\/a>\n\t\t\t\t\t\t\t\t\t<\/div>\n\t\t\t\n\t\t\t\t\t\t\t\t\t<\/article>\n\t\t\t\t\t\t\t\t\t\t\t\t\t<div class=\"uagb-post-pagination-wrap\">\n\t\t\t\t\t\t\t\t\t\t\t<\/div>\n\t\t\t\t\t\t\t\t<\/div>\n\t\t\t<\/div><\/div>\n","protected":false},"excerpt":{"rendered":"<p>Popularizacija znanosti<\/p>\n","protected":false},"author":1,"featured_media":0,"parent":0,"menu_order":0,"comment_status":"closed","ping_status":"closed","template":"","meta":{"_uag_custom_page_level_css":"","site-sidebar-layout":"default","site-content-layout":"","ast-site-content-layout":"default","site-content-style":"default","site-sidebar-style":"default","ast-global-header-display":"","ast-banner-title-visibility":"","ast-main-header-display":"","ast-hfb-above-header-display":"","ast-hfb-below-header-display":"","ast-hfb-mobile-header-display":"","site-post-title":"","ast-breadcrumbs-content":"","ast-featured-img":"","footer-sml-layout":"","theme-transparent-header-meta":"","adv-header-id-meta":"","stick-header-meta":"","header-above-stick-meta":"","header-main-stick-meta":"","header-below-stick-meta":"","astra-migrate-meta-layouts":"set","ast-page-background-enabled":"default","ast-page-background-meta":{"desktop":{"background-color":"var(--ast-global-color-4)","background-image":"","background-repeat":"repeat","background-position":"center center","background-size":"auto","background-attachment":"scroll","background-type":"","background-media":"","overlay-type":"","overlay-color":"","overlay-opacity":"","overlay-gradient":""},"tablet":{"background-color":"","background-image":"","background-repeat":"repeat","background-position":"center center","background-size":"auto","background-attachment":"scroll","background-type":"","background-media":"","overlay-type":"","overlay-color":"","overlay-opacity":"","overlay-gradient":""},"mobile":{"background-color":"","background-image":"","background-repeat":"repeat","background-position":"center center","background-size":"auto","background-attachment":"scroll","background-type":"","background-media":"","overlay-type":"","overlay-color":"","overlay-opacity":"","overlay-gradient":""}},"ast-content-background-meta":{"desktop":{"background-color":"var(--ast-global-color-5)","background-image":"","background-repeat":"repeat","background-position":"center center","background-size":"auto","background-attachment":"scroll","background-type":"","background-media":"","overlay-type":"","overlay-color":"","overlay-opacity":"","overlay-gradient":""},"tablet":{"background-color":"var(--ast-global-color-5)","background-image":"","background-repeat":"repeat","background-position":"center center","background-size":"auto","background-attachment":"scroll","background-type":"","background-media":"","overlay-type":"","overlay-color":"","overlay-opacity":"","overlay-gradient":""},"mobile":{"background-color":"var(--ast-global-color-5)","background-image":"","background-repeat":"repeat","background-position":"center center","background-size":"auto","background-attachment":"scroll","background-type":"","background-media":"","overlay-type":"","overlay-color":"","overlay-opacity":"","overlay-gradient":""}},"footnotes":""},"class_list":["post-1369","page","type-page","status-publish","hentry"],"uagb_featured_image_src":{"full":false,"thumbnail":false,"medium":false,"medium_large":false,"large":false,"1536x1536":false,"2048x2048":false},"uagb_author_info":{"display_name":"marko","author_link":"https:\/\/rapid.ufzg.hr\/rapid\/author\/marko\/"},"uagb_comment_info":0,"uagb_excerpt":"Popularizacija znanosti","_links":{"self":[{"href":"https:\/\/rapid.ufzg.hr\/rapid\/wp-json\/wp\/v2\/pages\/1369","targetHints":{"allow":["GET"]}}],"collection":[{"href":"https:\/\/rapid.ufzg.hr\/rapid\/wp-json\/wp\/v2\/pages"}],"about":[{"href":"https:\/\/rapid.ufzg.hr\/rapid\/wp-json\/wp\/v2\/types\/page"}],"author":[{"embeddable":true,"href":"https:\/\/rapid.ufzg.hr\/rapid\/wp-json\/wp\/v2\/users\/1"}],"replies":[{"embeddable":true,"href":"https:\/\/rapid.ufzg.hr\/rapid\/wp-json\/wp\/v2\/comments?post=1369"}],"version-history":[{"count":3,"href":"https:\/\/rapid.ufzg.hr\/rapid\/wp-json\/wp\/v2\/pages\/1369\/revisions"}],"predecessor-version":[{"id":1708,"href":"https:\/\/rapid.ufzg.hr\/rapid\/wp-json\/wp\/v2\/pages\/1369\/revisions\/1708"}],"wp:attachment":[{"href":"https:\/\/rapid.ufzg.hr\/rapid\/wp-json\/wp\/v2\/media?parent=1369"}],"curies":[{"name":"wp","href":"https:\/\/api.w.org\/{rel}","templated":true}]}}